{"id":3739,"date":"2022-06-20T11:02:40","date_gmt":"2022-06-20T11:02:40","guid":{"rendered":"https:\/\/www.otso.org.tr\/?page_id=3739"},"modified":"2022-06-20T11:02:40","modified_gmt":"2022-06-20T11:02:40","slug":"sayisal-takograf-islemleri","status":"publish","type":"page","link":"https:\/\/otso.omerfarukarslan.com.tr\/?page_id=3739","title":{"rendered":"Say\u0131sal Takograf \u0130\u015flemleri"},"content":{"rendered":"<p>[vc_row][vc_column][vc_column_text]<strong>YEN\u0130 S\u0130STEME G\u0130REN, SAYISAL TAKOGRAF BA\u015eVURU \u0130\u015eLEM SIRALAMASI<\/strong><\/p>\n<p>Say\u0131sal takograf kart\u0131 almak isteyen s\u00fcr\u00fcc\u00fc\/\u015firket ve servisler\u00a0<strong>ba\u015fvurular\u0131n\u0131<\/strong>\u00a0\u00a0\u00a0\u0130nternet ba\u011flant\u0131s\u0131 olan bir bilgisayar\u0131 kullanarak\u00a0 <a href=\"http:\/\/staum.tobb.org.tr\/\"><strong>http:\/\/staum.tobb.org.tr<\/strong><\/a><strong> \u00a0<\/strong>internet adresinden yapmalar\u0131 gerekmektedir.\u00a0Ba\u015fvuru yap\u0131ld\u0131ktan sonra\u00a0\u00a0 kart teslimi i\u00e7in Odam\u0131za m\u00fcracaat edilir.<\/p>\n<p>Ba\u015fvuru s\u0131ras\u0131nda izlenecek yol s\u0131rayla a\u015fa\u011f\u0131daki gibidir;<\/p>\n<p><strong>1-Kart \u0130\u015flemleri<\/strong><\/p>\n<p><strong>2-TOBB Ortak Giri\u015f Noktas\u0131<\/strong><\/p>\n<p><strong>3-E-Devlet \u0130le Giri\u015f Yap.<\/strong><\/p>\n<p><strong>4-S\u00fcr\u00fcc\u00fc Kart\u0131 \u0130\u015flemleri.(Hangi m\u00fcracaat\u0131 yapacaksa S\u00fcr\u00fcc\u00fc-Servis-\u015eirket)<\/strong><\/p>\n<p><strong>5-Foto\u011fraf ve \u0130mza JPEG format\u0131nda sisteme y\u00fcklenecek.<\/strong><\/p>\n<p><strong>\u0130\u015flem tamamland\u0131ktan sonra \u00d6deme No al\u0131nacak ve Vak\u0131fbank Gi\u015felerinden veya Vak\u0131fbank \u0130nternet Bankac\u0131l\u0131\u011f\u0131ndan (Kurum \u00f6demeleri-Ula\u015ft\u0131rma Takograf Bedeli) yat\u0131r\u0131lacak.<\/strong><\/p>\n<p><strong>Kart\u0131n\u0131z Odam\u0131za ula\u015ft\u0131\u011f\u0131nda cep telefonunuza mesaj gelecek ve kart\u0131n\u0131z\u0131 Odadan siz veya ismini yazd\u0131rd\u0131\u011f\u0131n\u0131z ki\u015fi teslim alacakt\u0131r.<\/strong><\/p>\n<p><strong>Herhangi bir sorun oldu\u011funda 4449559 nolu \u00e7a\u011fr\u0131 merkezi numaras\u0131n\u0131 arayabilirsiniz.<\/strong><\/p>\n<p>&nbsp;<\/p>\n<p>Burada dikkat edilmesi gereken nokta;<\/p>\n<p>Biyometrik foto\u011fraf\u0131n arka fonunun mutlaka beyaz olmas\u0131 ve imzan\u0131n beyaz bir zemin \u00fczerinde( ka\u011f\u0131t vs.) at\u0131lmas\u0131 gerekmektedir.<\/p>\n<p>Aksi taktirde onay i\u015flemi ger\u00e7ekle\u015fmemektedir.<\/p>\n<p><strong>Ar\u0131zal\u0131 Kart m\u00fcracaatlar\u0131nda, ar\u0131zal\u0131 kart mutlaka odaya ibraz edilmelidir.<\/strong><\/p>\n<p>Kay\u0131p, \u00e7al\u0131nt\u0131, el konulma, yang\u0131n vs .gibi durumlarda ise ilgili kolluk kuvvetinin tutana\u011f\u0131 sisteme y\u00fcklenmeli ve ikame kart ba\u015fvurusu yaparken kendi i\u015flemine uyan se\u00e7enek se\u00e7ilmelidir.(\u00d6rne\u011fin ikame kart ve nedeni kay\u0131p gibi.)<\/p>\n<p>[\/vc_column_text][\/vc_column][\/vc_row]<\/p>\n","protected":false},"excerpt":{"rendered":"<p>[vc_row][vc_column][vc_column_text]YEN\u0130 S\u0130STEME G\u0130REN, SAYISAL TAKOGRAF BA\u015eVURU \u0130\u015eLEM SIRALAMASI Say\u0131sal takograf kart\u0131 almak isteyen s\u00fcr\u00fcc\u00fc\/\u015firket ve servisler\u00a0ba\u015fvurular\u0131n\u0131\u00a0\u00a0\u00a0\u0130nternet ba\u011flant\u0131s\u0131 olan bir bilgisayar\u0131 kullanarak\u00a0 http:\/\/staum.tobb.org.tr \u00a0internet adresinden yapmalar\u0131 gerekmektedir.\u00a0Ba\u015fvuru yap\u0131ld\u0131ktan sonra\u00a0\u00a0 kart teslimi i\u00e7in Odam\u0131za m\u00fcracaat edilir. Ba\u015fvuru s\u0131ras\u0131nda izlenecek yol s\u0131rayla a\u015fa\u011f\u0131daki gibidir; 1-Kart \u0130\u015flemleri 2-TOBB Ortak Giri\u015f Noktas\u0131 3-E-Devlet \u0130le Giri\u015f Yap. 4-S\u00fcr\u00fcc\u00fc Kart\u0131 \u0130\u015flemleri.(Hangi m\u00fcracaat\u0131 [&hellip;]<\/p>\n","protected":false},"author":1,"featured_media":0,"parent":0,"menu_order":0,"comment_status":"closed","ping_status":"closed","template":"","meta":{"ngg_post_thumbnail":0,"footnotes":""},"class_list":["post-3739","page","type-page","status-publish","hentry"],"_links":{"self":[{"href":"https:\/\/otso.omerfarukarslan.com.tr\/index.php?rest_route=\/wp\/v2\/pages\/3739","targetHints":{"allow":["GET"]}}],"collection":[{"href":"https:\/\/otso.omerfarukarslan.com.tr\/index.php?rest_route=\/wp\/v2\/pages"}],"about":[{"href":"https:\/\/otso.omerfarukarslan.com.tr\/index.php?rest_route=\/wp\/v2\/types\/page"}],"author":[{"embeddable":true,"href":"https:\/\/otso.omerfarukarslan.com.tr\/index.php?rest_route=\/wp\/v2\/users\/1"}],"replies":[{"embeddable":true,"href":"https:\/\/otso.omerfarukarslan.com.tr\/index.php?rest_route=%2Fwp%2Fv2%2Fcomments&post=3739"}],"version-history":[{"count":1,"href":"https:\/\/otso.omerfarukarslan.com.tr\/index.php?rest_route=\/wp\/v2\/pages\/3739\/revisions"}],"predecessor-version":[{"id":3741,"href":"https:\/\/otso.omerfarukarslan.com.tr\/index.php?rest_route=\/wp\/v2\/pages\/3739\/revisions\/3741"}],"wp:attachment":[{"href":"https:\/\/otso.omerfarukarslan.com.tr\/index.php?rest_route=%2Fwp%2Fv2%2Fmedia&parent=3739"}],"curies":[{"name":"wp","href":"https:\/\/api.w.org\/{rel}","templated":true}]}}