{"id":3731,"date":"2022-06-20T10:54:21","date_gmt":"2022-06-20T10:54:21","guid":{"rendered":"https:\/\/www.otso.org.tr\/?page_id=3731"},"modified":"2022-06-20T10:59:52","modified_gmt":"2022-06-20T10:59:52","slug":"k-belgelendirme-islemleri","status":"publish","type":"page","link":"https:\/\/otso.omerfarukarslan.com.tr\/?page_id=3731","title":{"rendered":"K Belgelendirme \u0130\u015flemleri"},"content":{"rendered":"<p>[vc_row][vc_column][vc_column_text]<strong>K1*<\/strong><strong>\u00a0\u0130L \u0130\u00c7ER\u0130S\u0130NDE, BA\u015eKASINA FATURA KES\u0130LEB\u0130LEN\u00a0 BELGE T\u00dcR\u00dc<\/strong>.<\/p>\n<ul>\n<li>SABIKA KAYDI,<strong>K1* \u0130L \u0130\u00c7\u0130 SINIRLARI DAH\u0130L<\/strong><\/li>\n<li>N\u00dcFUS C\u00dcZDAN FOTOKOP\u0130S\u0130,(\u015e\u0130RKET \u0130SE \u015e\u0130RKET ORTAKLARININ )ARA\u00c7LAR Y\u00dcK NAKL\u0130 T\u0130CAR\u0130 OLACAK,<\/li>\n<li>GER\u00c7EK K\u0130\u015e\u0130LER\u0130N VERG\u0130 KAYDI A\u00c7IK OLMAK ZORUNDA<\/li>\n<li>BU BELGE KAMYONET SINIFI ARA\u00c7LARA\u00a0 VER\u0130L\u0130R.\u00a0 TUTARI :<strong>3600<\/strong><\/li>\n<\/ul>\n<p>&nbsp;<\/p>\n<p><strong>K1\u00a0*<\/strong><strong> \u0130LLER ARASI NAKL\u0130YEC\u0130L\u0130K FAAL\u0130YET\u0130NDE BULUNAN GER\u00c7EK VE T\u00dcZEL K\u0130\u015e\u0130LERE VER\u0130LEN BELGE<\/strong>\u00a0<strong>T\u00dcR\u00dcD\u00dcR.<\/strong><\/p>\n<ul>\n<li>SABIKA KAYDI,<\/li>\n<li>N\u00dcFUS C\u00dcZDAN FOTOKOP\u0130S\u0130,(\u015e\u0130RKET \u0130SE \u015e\u0130RKET ORTAKLARININ)<\/li>\n<li>ARA\u00c7LARIN Y\u00dcK NAKL\u0130 T\u0130CAR\u0130 OLACAK .<\/li>\n<li>GER\u00c7EK VEYA T\u00dcZEL K\u0130\u015e\u0130N\u0130N VERG\u0130 KAYDI A\u00c7IK OLACAK<\/li>\n<li><strong>BELGE TUTARI 12.875 TL TEK ARA\u00c7LI F\u0130YATI<\/strong><\/li>\n<\/ul>\n<p>&nbsp;<\/p>\n<p><strong>K2*<\/strong><strong>\u00a0YETK\u0130 BELGES\u0130 T\u00dcR\u00dc: KEND\u0130 \u0130\u015eT\u0130GAL KONUSU \u0130LE \u0130LG\u0130L\u0130 \u00c7ALI\u015eAN T\u00dcZEL VEYA GER\u00c7EK K\u0130\u015e\u0130LERE VER\u0130LEN BELGED\u0130R\u00a0 <\/strong><\/p>\n<ul>\n<li>\u015e\u0130RKET \u0130SE \u015e\u0130RKET \u0130MZA S\u0130RK\u00dcLER\u0130 ASLI ve ODA KAYDI<\/li>\n<li>RUHSAT FOTOKOP\u0130LER\u0130,<\/li>\n<li>N\u00dcF\u00dcS C\u00dcZDAN FOTOKOP\u0130LER\u0130(\u015e\u0130RKET \u0130SE \u015e\u0130RKET ORTAKLARININ N\u00dcF\u00dcS C\u00dcZDAN FOTOKOP\u0130S\u0130),<\/li>\n<li>\u015eAHISLARDA \u0130KAMETGAH,<\/li>\n<li>GER\u00c7EK K\u0130\u015e\u0130LERDE ODA KAYDI VE VERG\u0130 KAYDI OLMA ZORUNLULU\u011eU BULUNMAMAKTADIR.<\/li>\n<li><strong>TEK ARA\u00c7LI BELGE TUTARI =3600 TL<\/strong><\/li>\n<\/ul>\n<p>&nbsp;<\/p>\n<p><strong>K2<\/strong><strong>\u00a0YETK\u0130 BELGES\u0130 T\u00dcR\u00dc: KEND\u0130 \u0130\u015eT\u0130GAL KONUSU \u0130LE \u0130LG\u0130L\u0130 \u00c7ALI\u015eAN T\u00dcZEL VE YA GER\u00c7EK K\u0130\u015e\u0130LERE VER\u0130LEN BELGED\u0130R , <\/strong><\/p>\n<ul>\n<li>ODA KAYDI,<\/li>\n<li>RUHSAT FOTOKOP\u0130LER\u0130,<\/li>\n<li>N\u00dcF\u00dcS C\u00dcZDAN FOTOKOP\u0130LER\u0130(\u015e\u0130RKET \u0130SE \u015e\u0130RKET ORTAKLARININ N\u00dcF\u00dcS C\u00dcZDAN FOTOKOP\u0130S\u0130)<\/li>\n<li>\u0130KAMETGAH,<\/li>\n<li>GER\u00c7EK K\u0130\u015e\u0130LERDE ODA KAYDI VE VERG\u0130 KAYDI OLMA ZORUNLULU\u011eU BULUNMAKTADIR<\/li>\n<li><strong>BELGEN\u0130N TUTARI 12.875<\/strong><\/li>\n<\/ul>\n<p><strong>\u00a0<\/strong><\/p>\n<p><strong>K BELGES\u0130NE TA\u015eIT EKLETME \u0130\u00c7\u0130N GEREKL\u0130 EVRAKLAR;<\/strong><\/p>\n<p><strong>\u00a0<\/strong><\/p>\n<ul>\n<li>TA\u015eIT BELGES\u0130 (ARA\u00c7 L\u0130STES\u0130)<\/li>\n<li>RUHSAT FOTOKOP\u0130S\u0130<\/li>\n<li>D\u0130LEK\u00c7E(YETK\u0130L\u0130 K\u0130\u015e\u0130 VEYA \u015e\u0130RKET M\u00dcD\u00dcR\u00dc TARAFINDAN \u0130MZALANMI\u015e)<\/li>\n<\/ul>\n<p><strong>K BELGES\u0130NDEN TA\u015eIT D\u00dc\u015e\u00dcR\u00dcLMES\u0130 \u0130\u00c7\u0130N GEREKL\u0130 EVRAKLAR;<\/strong><\/p>\n<ul>\n<li>NOTER SATI\u015e FOTOKOP\u0130S\u0130<\/li>\n<li>ARACA A\u0130T TA\u015eIT KARTI<\/li>\n<li>D\u0130LEK\u00c7E(YETK\u0130L\u0130 K\u0130\u015e\u0130 VEYA \u015e\u0130RKET M\u00dcD\u00dcR\u00dc TARAFINDAN \u0130MZALANMI\u015e)<\/li>\n<\/ul>\n<p><strong>NOT:\u00a0K YETK\u0130 BELGELER\u0130 1. DERECEDE AKRABALARA DEVRED\u0130LEB\u0130L\u0130R. \u00d6RE\u011e\u0130N; E\u015e, \u00c7OCUK, BABA, KARDE\u015e.<\/strong><strong> AYRICA K BELGE SAH\u0130B\u0130N\u0130N VEFATI DURUMUNDA 1 YIL \u0130\u00c7ER\u0130S\u0130NDE DEV\u0130R ALMA D\u0130LEK\u00c7ES\u0130 VER\u0130LEREK HAK SAH\u0130PLER\u0130N\u0130N FERAGATNAMELER\u0130 \u0130LE VERASET\u00c7\u0130LERDEN B\u0130R\u0130S\u0130NE K BELGES\u0130 DEVRED\u0130LEB\u0130L\u0130R.<\/strong><\/p>\n<p>&nbsp;<\/p>\n<p><strong>\u0130lgili formlar ve dilek\u00e7eler;<\/strong><\/p>\n<ul>\n<li><a href=\"https:\/\/www.otso.org.tr\/wp-content\/uploads\/2022\/06\/K-Belgesi-Basvuru-Formu.pdf\"><strong>K Belgesi Ba\u015fvuru Formu<\/strong><\/a><\/li>\n<li><a href=\"https:\/\/www.otso.org.tr\/wp-content\/uploads\/2022\/06\/Ihlal-Tutanagi.docx\"><strong>\u0130hlal Tutana\u011f\u0131<\/strong><\/a><\/li>\n<li><a href=\"https:\/\/www.otso.org.tr\/wp-content\/uploads\/2022\/06\/Tasit-Ekleme-veya-Dusurme-Dilekcesi.docx\"><strong>Ta\u015f\u0131t Ekleme veya D\u00fc\u015f\u00fcrme Dilek\u00e7esi<\/strong><\/a><\/li>\n<li><a href=\"https:\/\/www.otso.org.tr\/wp-content\/uploads\/2022\/06\/Karayolu-Tasima-Yonetmeligi.docx\"><strong>Karayolu Ta\u015f\u0131ma Y\u00f6netmeli\u011fi<\/strong><\/a><\/li>\n<\/ul>\n<p>[\/vc_column_text][\/vc_column][\/vc_row]<\/p>\n","protected":false},"excerpt":{"rendered":"<p>[vc_row][vc_column][vc_column_text]K1*\u00a0\u0130L \u0130\u00c7ER\u0130S\u0130NDE, BA\u015eKASINA FATURA KES\u0130LEB\u0130LEN\u00a0 BELGE T\u00dcR\u00dc. SABIKA KAYDI,K1* \u0130L \u0130\u00c7\u0130 SINIRLARI DAH\u0130L N\u00dcFUS C\u00dcZDAN FOTOKOP\u0130S\u0130,(\u015e\u0130RKET \u0130SE \u015e\u0130RKET ORTAKLARININ )ARA\u00c7LAR Y\u00dcK NAKL\u0130 T\u0130CAR\u0130 OLACAK, GER\u00c7EK K\u0130\u015e\u0130LER\u0130N VERG\u0130 KAYDI A\u00c7IK OLMAK ZORUNDA BU BELGE KAMYONET SINIFI ARA\u00c7LARA\u00a0 VER\u0130L\u0130R.\u00a0 TUTARI :3600 &nbsp; K1\u00a0* \u0130LLER ARASI NAKL\u0130YEC\u0130L\u0130K FAAL\u0130YET\u0130NDE BULUNAN GER\u00c7EK VE T\u00dcZEL K\u0130\u015e\u0130LERE VER\u0130LEN BELGE\u00a0T\u00dcR\u00dcD\u00dcR. SABIKA KAYDI, N\u00dcFUS [&hellip;]<\/p>\n","protected":false},"author":1,"featured_media":0,"parent":0,"menu_order":0,"comment_status":"closed","ping_status":"closed","template":"","meta":{"ngg_post_thumbnail":0,"footnotes":""},"class_list":["post-3731","page","type-page","status-publish","hentry"],"_links":{"self":[{"href":"https:\/\/otso.omerfarukarslan.com.tr\/index.php?rest_route=\/wp\/v2\/pages\/3731","targetHints":{"allow":["GET"]}}],"collection":[{"href":"https:\/\/otso.omerfarukarslan.com.tr\/index.php?rest_route=\/wp\/v2\/pages"}],"about":[{"href":"https:\/\/otso.omerfarukarslan.com.tr\/index.php?rest_route=\/wp\/v2\/types\/page"}],"author":[{"embeddable":true,"href":"https:\/\/otso.omerfarukarslan.com.tr\/index.php?rest_route=\/wp\/v2\/users\/1"}],"replies":[{"embeddable":true,"href":"https:\/\/otso.omerfarukarslan.com.tr\/index.php?rest_route=%2Fwp%2Fv2%2Fcomments&post=3731"}],"version-history":[{"count":2,"href":"https:\/\/otso.omerfarukarslan.com.tr\/index.php?rest_route=\/wp\/v2\/pages\/3731\/revisions"}],"predecessor-version":[{"id":3737,"href":"https:\/\/otso.omerfarukarslan.com.tr\/index.php?rest_route=\/wp\/v2\/pages\/3731\/revisions\/3737"}],"wp:attachment":[{"href":"https:\/\/otso.omerfarukarslan.com.tr\/index.php?rest_route=%2Fwp%2Fv2%2Fmedia&parent=3731"}],"curies":[{"name":"wp","href":"https:\/\/api.w.org\/{rel}","templated":true}]}}