{"id":2749,"date":"2021-11-05T08:59:07","date_gmt":"2021-11-05T08:59:07","guid":{"rendered":"https:\/\/www.otso.org.tr\/?page_id=2749"},"modified":"2021-11-05T09:07:04","modified_gmt":"2021-11-05T09:07:04","slug":"tebligler","status":"publish","type":"page","link":"https:\/\/otso.omerfarukarslan.com.tr\/?page_id=2749","title":{"rendered":"Tebli\u011fler"},"content":{"rendered":"<p>[vc_row][vc_column][vc_column_text]<\/p>\n<ul>\n<li><a href=\"\/wp-content\/uploads\/2021\/11\/Imza_beyannamesi_resmi_gazete_teblig.pdf\"><img loading=\"lazy\" decoding=\"async\" class=\"alignnone size-full wp-image-2616\" src=\"\/wp-content\/uploads\/2021\/11\/pdf.png\" alt=\"\" width=\"43\" height=\"46\" \/><\/a>\u00a0 \u015eirket Kurulu\u015f S\u00f6zle\u015fmesinin Ticaret Sicili M\u00fcd\u00fcrl\u00fcklerinde \u0130mzalanmas\u0131 Hakk\u0131nda Tebli\u011fde De\u011fi\u015fiklik Yap\u0131lmas\u0131na Dair Tebli\u011f<\/li>\n<li><a href=\"\/wp-content\/uploads\/2021\/11\/sermaye-srketlernn-tasfyesnde-srket-alacaklilarinin-alacaklarinin-yatirilacagi-bankanin-belrlenmesne-lskn-teblg.pdf\"><img loading=\"lazy\" decoding=\"async\" class=\"alignnone size-full wp-image-2616\" src=\"\/wp-content\/uploads\/2021\/11\/pdf.png\" alt=\"\" width=\"43\" height=\"46\" \/><\/a>\u00a0 Sermaye \u015eirketlerinin Tasfiyesinde \u015eirket Alacakl\u0131lar\u0131n\u0131n Alacaklar\u0131n\u0131n Yat\u0131r\u0131laca\u011f\u0131 Bankan\u0131n Belirlenmesine \u0130li\u015fkin Tebli\u011f<\/li>\n<li><a href=\"\/wp-content\/uploads\/2021\/11\/oy_kullanma.pdf\"><img loading=\"lazy\" decoding=\"async\" class=\"alignnone size-full wp-image-2616\" src=\"\/wp-content\/uploads\/2021\/11\/pdf.png\" alt=\"\" width=\"43\" height=\"46\" \/><\/a>\u00a0 Halka A\u00e7\u0131k Olmayan Anonim \u015eirketlerin Genel Kurullar\u0131nda Birikimli Oy Kullan\u0131m\u0131na \u0130li\u015fkin Esaslar Hakk\u0131nda Tebli\u011f<\/li>\n<li><a href=\"\/wp-content\/uploads\/2021\/11\/genel_kurul_sis.pdf\"><img loading=\"lazy\" decoding=\"async\" class=\"alignnone size-full wp-image-2616\" src=\"\/wp-content\/uploads\/2021\/11\/pdf.png\" alt=\"\" width=\"43\" height=\"46\" \/><\/a>\u00a0 Anonim \u015eirketlerin Genel Kurullar\u0131nda Uygulanacak Elektronik Genel Kurul Sistemi Hakk\u0131nda Tebli\u011fde De\u011fi\u015fiklik Yap\u0131lmas\u0131na Dair Tebli\u011f<\/li>\n<li><a href=\"\/wp-content\/uploads\/2021\/11\/elektronik_ort_kurul.pdf\"><img loading=\"lazy\" decoding=\"async\" class=\"alignnone size-full wp-image-2616\" src=\"\/wp-content\/uploads\/2021\/11\/pdf.png\" alt=\"\" width=\"43\" height=\"46\" \/><\/a>\u00a0 Ticaret \u015eirketlerinde Anonim \u015eirket Genel Kurullar\u0131 D\u0131\u015f\u0131nda Elektronik Ortamda Yap\u0131lacak Kurullar Hakk\u0131nda Tebli\u011f<\/li>\n<li><a href=\"\/wp-content\/uploads\/2021\/11\/kar_payi.pdf\"><img loading=\"lazy\" decoding=\"async\" class=\"alignnone size-full wp-image-2616\" src=\"\/wp-content\/uploads\/2021\/11\/pdf.png\" alt=\"\" width=\"43\" height=\"46\" \/><\/a>\u00a0 Kar Pay\u0131 Avans\u0131 Da\u011f\u0131t\u0131m\u0131 Hakk\u0131nda Tebli\u011f<\/li>\n<li><a href=\"\/wp-content\/uploads\/2021\/11\/sermaye_sistemi.pdf\"><img loading=\"lazy\" decoding=\"async\" class=\"alignnone size-full wp-image-2616\" src=\"\/wp-content\/uploads\/2021\/11\/pdf.png\" alt=\"\" width=\"43\" height=\"46\" \/><\/a>\u00a0 Halka A\u00e7\u0131k Olmayan \u015eirketlerde Kay\u0131tl\u0131 Sermaye Sistemine \u0130li\u015fkin Esaslar Hakk\u0131nda Tebli\u011f<\/li>\n<li><a href=\"\/wp-content\/uploads\/2021\/11\/yapi_degisikligi.pdf\"><img loading=\"lazy\" decoding=\"async\" class=\"alignnone size-full wp-image-2616\" src=\"\/wp-content\/uploads\/2021\/11\/pdf.png\" alt=\"\" width=\"43\" height=\"46\" \/><\/a>\u00a0 \u015eirketlerde Yap\u0131 De\u011fi\u015fikli\u011fi ve Ayni Sermaye Konulmas\u0131nda Siciller Aras\u0131 \u0130\u015fbirli\u011fine \u0130li\u015fkin Tebli\u011f<\/li>\n<li><a href=\"\/wp-content\/uploads\/2021\/11\/sermaye_yukseltimi_teblig.pdf\"><img loading=\"lazy\" decoding=\"async\" class=\"alignnone size-full wp-image-2616\" src=\"\/wp-content\/uploads\/2021\/11\/pdf.png\" alt=\"\" width=\"43\" height=\"46\" \/><\/a>\u00a0 Anonim ve Limited \u015eirketlerin Sermayelerini Yeni Asgari Tutarlara Y\u00fckseltmelerine ve Kurulu\u015fu ve Esass\u00f6zle\u015fme De\u011fi\u015fikli\u011fi \u0130zne Tabi Anonim \u015eirketlerin Belirlenmesine \u0130li\u015fkin Tebli\u011f<\/li>\n<li><a href=\"\/wp-content\/uploads\/2021\/11\/tic_def_teblig.pdf\"><img loading=\"lazy\" decoding=\"async\" class=\"alignnone size-full wp-image-2616\" src=\"\/wp-content\/uploads\/2021\/11\/pdf.png\" alt=\"\" width=\"43\" height=\"46\" \/><\/a>\u00a0 Ticari Defterlere \u0130li\u015fkin Tebli\u011f<\/li>\n<li><a href=\"\/wp-content\/uploads\/2021\/11\/kayit_silinme.pdf\"><img loading=\"lazy\" decoding=\"async\" class=\"alignnone size-full wp-image-2616\" src=\"\/wp-content\/uploads\/2021\/11\/pdf.png\" alt=\"\" width=\"43\" height=\"46\" \/><\/a>\u00a0 M\u00fcnfesih Olmas\u0131na veya Say\u0131lmas\u0131na Ra\u011fmen Tasfiye Edilmemi\u015f Anonim ve Limited \u015eirketler ile Kooperatiflerin Tasfiyelerine ve Ticaret Sicili Kay\u0131tlar\u0131n\u0131n Silinmesine \u0130li\u015fkin Tebli\u011f<\/li>\n<li><a href=\"\/wp-content\/uploads\/2021\/11\/spk_dan_birlesme_bolunme.pdf\"><img loading=\"lazy\" decoding=\"async\" class=\"alignnone size-full wp-image-2616\" src=\"\/wp-content\/uploads\/2021\/11\/pdf.png\" alt=\"\" width=\"43\" height=\"46\" \/><\/a>\u00a0 SPK&#8217;dan Birle\u015fme ve B\u00f6l\u00fcnme Tebli\u011fi<\/li>\n<li><a href=\"\/wp-content\/uploads\/2021\/11\/tic_unvan_teblig.pdf\"><img loading=\"lazy\" decoding=\"async\" class=\"alignnone size-full wp-image-2616\" src=\"\/wp-content\/uploads\/2021\/11\/pdf.png\" alt=\"\" width=\"43\" height=\"46\" \/><\/a>\u00a0 Ticaret Unvanlar\u0131 Hakk\u0131nda Tebli\u011f<\/li>\n<\/ul>\n<p>[\/vc_column_text][\/vc_column][\/vc_row]<\/p>\n","protected":false},"excerpt":{"rendered":"<p>[vc_row][vc_column][vc_column_text] \u00a0 \u015eirket Kurulu\u015f S\u00f6zle\u015fmesinin Ticaret Sicili M\u00fcd\u00fcrl\u00fcklerinde \u0130mzalanmas\u0131 Hakk\u0131nda Tebli\u011fde De\u011fi\u015fiklik Yap\u0131lmas\u0131na Dair Tebli\u011f \u00a0 Sermaye \u015eirketlerinin Tasfiyesinde \u015eirket Alacakl\u0131lar\u0131n\u0131n Alacaklar\u0131n\u0131n Yat\u0131r\u0131laca\u011f\u0131 Bankan\u0131n Belirlenmesine \u0130li\u015fkin Tebli\u011f \u00a0 Halka A\u00e7\u0131k Olmayan Anonim \u015eirketlerin Genel Kurullar\u0131nda Birikimli Oy Kullan\u0131m\u0131na \u0130li\u015fkin Esaslar Hakk\u0131nda Tebli\u011f \u00a0 Anonim \u015eirketlerin Genel Kurullar\u0131nda Uygulanacak Elektronik Genel Kurul Sistemi Hakk\u0131nda Tebli\u011fde De\u011fi\u015fiklik [&hellip;]<\/p>\n","protected":false},"author":1,"featured_media":0,"parent":0,"menu_order":0,"comment_status":"closed","ping_status":"closed","template":"","meta":{"ngg_post_thumbnail":0,"footnotes":""},"class_list":["post-2749","page","type-page","status-publish","hentry"],"_links":{"self":[{"href":"https:\/\/otso.omerfarukarslan.com.tr\/index.php?rest_route=\/wp\/v2\/pages\/2749","targetHints":{"allow":["GET"]}}],"collection":[{"href":"https:\/\/otso.omerfarukarslan.com.tr\/index.php?rest_route=\/wp\/v2\/pages"}],"about":[{"href":"https:\/\/otso.omerfarukarslan.com.tr\/index.php?rest_route=\/wp\/v2\/types\/page"}],"author":[{"embeddable":true,"href":"https:\/\/otso.omerfarukarslan.com.tr\/index.php?rest_route=\/wp\/v2\/users\/1"}],"replies":[{"embeddable":true,"href":"https:\/\/otso.omerfarukarslan.com.tr\/index.php?rest_route=%2Fwp%2Fv2%2Fcomments&post=2749"}],"version-history":[{"count":3,"href":"https:\/\/otso.omerfarukarslan.com.tr\/index.php?rest_route=\/wp\/v2\/pages\/2749\/revisions"}],"predecessor-version":[{"id":2765,"href":"https:\/\/otso.omerfarukarslan.com.tr\/index.php?rest_route=\/wp\/v2\/pages\/2749\/revisions\/2765"}],"wp:attachment":[{"href":"https:\/\/otso.omerfarukarslan.com.tr\/index.php?rest_route=%2Fwp%2Fv2%2Fmedia&parent=2749"}],"curies":[{"name":"wp","href":"https:\/\/api.w.org\/{rel}","templated":true}]}}