{"id":2705,"date":"2021-11-04T17:05:20","date_gmt":"2021-11-04T17:05:20","guid":{"rendered":"https:\/\/www.otso.org.tr\/?page_id=2705"},"modified":"2021-11-04T17:05:53","modified_gmt":"2021-11-04T17:05:53","slug":"bag-kur-islemleri","status":"publish","type":"page","link":"https:\/\/otso.omerfarukarslan.com.tr\/?page_id=2705","title":{"rendered":"Ba\u011f-Kur \u0130\u015flemleri"},"content":{"rendered":"<p>[vc_row][vc_column][vc_column_text]<\/p>\n<h3>Ba\u011f-Kur \u0130\u015flemleri<\/h3>\n<p>&nbsp;<\/p>\n<p>\u00dcyelerin Ba\u011f-Kur taraf\u0131ndan haz\u0131rlan\u0131p\u00a0ilgilisi taraf\u0131ndan sunulan\u00a0<strong>\u0130B<\/strong>\u00a0formunun onay i\u015flemi yap\u0131l\u0131r.[\/vc_column_text][\/vc_column][\/vc_row]<\/p>\n","protected":false},"excerpt":{"rendered":"<p>[vc_row][vc_column][vc_column_text] Ba\u011f-Kur \u0130\u015flemleri &nbsp; \u00dcyelerin Ba\u011f-Kur taraf\u0131ndan haz\u0131rlan\u0131p\u00a0ilgilisi taraf\u0131ndan sunulan\u00a0\u0130B\u00a0formunun onay i\u015flemi yap\u0131l\u0131r.[\/vc_column_text][\/vc_column][\/vc_row]<\/p>\n","protected":false},"author":1,"featured_media":0,"parent":0,"menu_order":0,"comment_status":"closed","ping_status":"closed","template":"","meta":{"ngg_post_thumbnail":0,"footnotes":""},"class_list":["post-2705","page","type-page","status-publish","hentry"],"_links":{"self":[{"href":"https:\/\/otso.omerfarukarslan.com.tr\/index.php?rest_route=\/wp\/v2\/pages\/2705","targetHints":{"allow":["GET"]}}],"collection":[{"href":"https:\/\/otso.omerfarukarslan.com.tr\/index.php?rest_route=\/wp\/v2\/pages"}],"about":[{"href":"https:\/\/otso.omerfarukarslan.com.tr\/index.php?rest_route=\/wp\/v2\/types\/page"}],"author":[{"embeddable":true,"href":"https:\/\/otso.omerfarukarslan.com.tr\/index.php?rest_route=\/wp\/v2\/users\/1"}],"replies":[{"embeddable":true,"href":"https:\/\/otso.omerfarukarslan.com.tr\/index.php?rest_route=%2Fwp%2Fv2%2Fcomments&post=2705"}],"version-history":[{"count":2,"href":"https:\/\/otso.omerfarukarslan.com.tr\/index.php?rest_route=\/wp\/v2\/pages\/2705\/revisions"}],"predecessor-version":[{"id":2707,"href":"https:\/\/otso.omerfarukarslan.com.tr\/index.php?rest_route=\/wp\/v2\/pages\/2705\/revisions\/2707"}],"wp:attachment":[{"href":"https:\/\/otso.omerfarukarslan.com.tr\/index.php?rest_route=%2Fwp%2Fv2%2Fmedia&parent=2705"}],"curies":[{"name":"wp","href":"https:\/\/api.w.org\/{rel}","templated":true}]}}