{"id":2686,"date":"2021-11-04T16:54:44","date_gmt":"2021-11-04T16:54:44","guid":{"rendered":"https:\/\/www.otso.org.tr\/?page_id=2686"},"modified":"2021-11-05T08:24:08","modified_gmt":"2021-11-05T08:24:08","slug":"nace-kodu-degisikligi-islemleri","status":"publish","type":"page","link":"https:\/\/otso.omerfarukarslan.com.tr\/?page_id=2686","title":{"rendered":"Nace Kodu De\u011fi\u015fikli\u011fi \u0130\u015flemleri"},"content":{"rendered":"<p>[vc_row][vc_column][vc_column_text]<\/p>\n<h3>NACE Kodu De\u011fi\u015fikli\u011fi<\/h3>\n<p>&nbsp;<\/p>\n<p><strong>NACE kodu nedir?<\/strong><br \/>\n\u201cEkonomik Faaliyetlerin \u0130statistiki S\u0131n\u0131flamas\u0131\u201d anlam\u0131na gelen NACE, Avrupa\u2019da ekonomik faaliyetlerle ilgili istatistiklerin \u00fcretilmesi ve yay\u0131lmas\u0131 amac\u0131na y\u00f6nelik olarak olu\u015fturulmu\u015f bir kodlama sistemidir. Avrupa Birli\u011fi taraf\u0131ndan belirlenmi\u015f NACE kodu uygulamas\u0131, \u201cT\u00fcm Ekonomik Faaliyetlerin Uluslararas\u0131 Standart Sanayi S\u0131n\u0131flamas\u0131 (ISIC)\u201d ile de ili\u015fkili olup ekonomik faaliyetlere ili\u015fkin istatistiki verileri d\u00fcnya d\u00fczeyinde kar\u015f\u0131la\u015ft\u0131rma a\u00e7\u0131s\u0131ndan da \u00f6nemli bir ara\u00e7t\u0131r.<br \/>\nNACE, Avrupa Birli\u011fi\u2019ne uyum \u00e7al\u0131\u015fmalar\u0131 kapsam\u0131nda, T\u00fcrkiye\u2019de de kullan\u0131lmaya ba\u015flanm\u0131\u015ft\u0131r. Maliye Bakanl\u0131\u011f\u0131\u2019na ba\u011fl\u0131 Gelir \u0130daresi Ba\u015fkanl\u0131\u011f\u0131 2013 y\u0131l\u0131ndan beri NACE kodlar\u0131n\u0131 kullanmaktad\u0131r.<br \/>\n\u0130\u015fyerleri ve i\u015fletmelerin faaliyet alanlar\u0131n\u0131n tehlike s\u0131n\u0131f\u0131n\u0131 belirleyen NACE kodu alt\u0131 hanelidir. Bu y\u00fczden, \u201calt\u0131l\u0131 faaliyet kodu\u201d olarak da bilinir.<br \/>\n<strong>NACE kodunu kim belirler?<\/strong><br \/>\nNACE kodu, 19.1.2005 tarihli ve 25705 say\u0131l\u0131 Resmi Gazete\u2019de yay\u0131mlanm\u0131\u015f \u201cOdalarda\/Ticaret Borsalar\u0131nda Mesleklerin Grupland\u0131r\u0131lmas\u0131\u201d hakk\u0131ndaki y\u00f6netmeliklerin, 03.06.2012 tarihli ve 29312 say\u0131l\u0131 Resmi Gazete\u2019de yay\u0131mlanm\u0131\u015f de\u011fi\u015fik ge\u00e7ici 3\u2019\u00fcnc\u00fc maddeleri uyar\u0131nca, ba\u011fl\u0131 oda ve borsa \u00fcyelerinin faaliyet kodlar\u0131n\u0131n ve buna ba\u011fl\u0131 olarak meslek gruplar\u0131n\u0131n belirlenmesi g\u00f6revi, T\u00fcrkiye Odalar ve Borsalar Birli\u011fi\u2018ne (TOBB) verilmi\u015ftir.<\/p>\n<hr \/>\n<p><strong>Ana NACE Kodu De\u011fi\u015fiklik Talebi\u00a0<\/strong><br \/>\nTalep edilen as\u0131l faaliyet kodunun (NACE) Ordu Ticaret Sicil M\u00fcd\u00fcrl\u00fc\u011f\u00fc&#8217;nce tescil olunan i\u015f konular\u0131na uygun olmal\u0131d\u0131r.<br \/>\nUygun olmamas\u0131 durumunda \u00f6ncelikle i\u015f konunuzdaki de\u011fi\u015fikli\u011fin Ordu Ticaret Sicil M\u00fcd\u00fcrl\u00fc\u011f\u00fcnden tescilinin yapt\u0131r\u0131lmas\u0131,<br \/>\nBa\u011fl\u0131 olunan vergi dairesinden, talep edilen faaliyet kodunun vergi levhas\u0131na i\u015fletilmesi,<br \/>\nOdam\u0131za hitaben yaz\u0131lan NACE talep\u00a0<a href=\"https:\/\/www.otso.org.tr\/wp-content\/uploads\/2021\/11\/Ana-Nace-Kodu-Degisiklik-Dilekcesi.docx\" target=\"_blank\" rel=\"noopener\">dilek\u00e7esi<\/a>\u00a0ekine vergi levhas\u0131 ve Vergi Dairesinden al\u0131nan m\u00fckellefiyet yaz\u0131s\u0131\u00a0eklenerek\u00a0\u00dcye Sicil Birimine m\u00fcracaat edilmesi gerekmektedir.<\/p>\n<hr \/>\n<p><strong>\u0130lave NACE Kodu Talebi\u00a0<\/strong><br \/>\nTalep edilen ilave faaliyet kodunun (NACE) Ordu Ticaret Sicili M\u00fcd\u00fcrl\u00fc\u011f\u00fc&#8217;nce tescil olunan i\u015f konular\u0131na uygun olmas\u0131 gerekmektedir.<br \/>\nUygun olmamas\u0131 durumunda \u00f6ncelikle i\u015f konunuzdaki de\u011fi\u015fikli\u011fin Ordu Ticaret Sicili M\u00fcd\u00fcrl\u00fc\u011f\u00fcnden tescilinin yapt\u0131r\u0131lmas\u0131,<br \/>\nOdam\u0131za hitaben yaz\u0131lan NACE talep\u00a0<a href=\"https:\/\/www.otso.org.tr\/wp-content\/uploads\/2021\/11\/Ek-Nace-Kodu-Ilave-Dilekcesi.docx\" target=\"_blank\" rel=\"noopener\">dilek\u00e7esinin<\/a>\u00a0ekine Vergi Dairesi M\u00fckellefiyet Belgesi eklenerek \u00dcye Sicil Birimine m\u00fcracaat edilmesi gerekmektedir.<\/p>\n<hr \/>\n<p>2021 Y\u0131l\u0131 NACE kodlar\u0131 i\u00e7in\u00a0<a href=\"\/wp-content\/uploads\/2021\/11\/NACE_REV-2_2021-1.xls\" target=\"_blank\" rel=\"noopener\">t\u0131klay\u0131n\u0131z<\/a>.[\/vc_column_text][\/vc_column][\/vc_row]<\/p>\n","protected":false},"excerpt":{"rendered":"<p>[vc_row][vc_column][vc_column_text] NACE Kodu De\u011fi\u015fikli\u011fi &nbsp; NACE kodu nedir? \u201cEkonomik Faaliyetlerin \u0130statistiki S\u0131n\u0131flamas\u0131\u201d anlam\u0131na gelen NACE, Avrupa\u2019da ekonomik faaliyetlerle ilgili istatistiklerin \u00fcretilmesi ve yay\u0131lmas\u0131 amac\u0131na y\u00f6nelik olarak olu\u015fturulmu\u015f bir kodlama sistemidir. Avrupa Birli\u011fi taraf\u0131ndan belirlenmi\u015f NACE kodu uygulamas\u0131, \u201cT\u00fcm Ekonomik Faaliyetlerin Uluslararas\u0131 Standart Sanayi S\u0131n\u0131flamas\u0131 (ISIC)\u201d ile de ili\u015fkili olup ekonomik faaliyetlere ili\u015fkin istatistiki verileri d\u00fcnya [&hellip;]<\/p>\n","protected":false},"author":1,"featured_media":0,"parent":0,"menu_order":0,"comment_status":"closed","ping_status":"closed","template":"","meta":{"ngg_post_thumbnail":0,"footnotes":""},"class_list":["post-2686","page","type-page","status-publish","hentry"],"_links":{"self":[{"href":"https:\/\/otso.omerfarukarslan.com.tr\/index.php?rest_route=\/wp\/v2\/pages\/2686","targetHints":{"allow":["GET"]}}],"collection":[{"href":"https:\/\/otso.omerfarukarslan.com.tr\/index.php?rest_route=\/wp\/v2\/pages"}],"about":[{"href":"https:\/\/otso.omerfarukarslan.com.tr\/index.php?rest_route=\/wp\/v2\/types\/page"}],"author":[{"embeddable":true,"href":"https:\/\/otso.omerfarukarslan.com.tr\/index.php?rest_route=\/wp\/v2\/users\/1"}],"replies":[{"embeddable":true,"href":"https:\/\/otso.omerfarukarslan.com.tr\/index.php?rest_route=%2Fwp%2Fv2%2Fcomments&post=2686"}],"version-history":[{"count":4,"href":"https:\/\/otso.omerfarukarslan.com.tr\/index.php?rest_route=\/wp\/v2\/pages\/2686\/revisions"}],"predecessor-version":[{"id":2717,"href":"https:\/\/otso.omerfarukarslan.com.tr\/index.php?rest_route=\/wp\/v2\/pages\/2686\/revisions\/2717"}],"wp:attachment":[{"href":"https:\/\/otso.omerfarukarslan.com.tr\/index.php?rest_route=%2Fwp%2Fv2%2Fmedia&parent=2686"}],"curies":[{"name":"wp","href":"https:\/\/api.w.org\/{rel}","templated":true}]}}