{"id":2654,"date":"2021-11-04T16:03:07","date_gmt":"2021-11-04T16:03:07","guid":{"rendered":"https:\/\/www.otso.org.tr\/?page_id=2654"},"modified":"2021-11-04T16:03:07","modified_gmt":"2021-11-04T16:03:07","slug":"acentelerin-levha-kayit-basvurusu","status":"publish","type":"page","link":"https:\/\/otso.omerfarukarslan.com.tr\/?page_id=2654","title":{"rendered":"Acentelerin Levha Kay\u0131t Ba\u015fvurusu"},"content":{"rendered":"<p>[vc_row][vc_column][vc_column_text]<\/p>\n<h3>Acentelerin Levha Kay\u0131t Ba\u015fvurusu<\/h3>\n<p>&nbsp;<\/p>\n<p>1. Sivas Ticaret Sicil M\u00fcd\u00fcrl\u00fc\u011f\u00fcnde tescil ve ilan\u0131 yap\u0131lm\u0131\u015f, unvan\u0131 mevzuata uygun Ger\u00e7ek veya T\u00fczel Ki\u015filik mevcut olmal\u0131d\u0131r. ( X S\u0130GORTA ARACILIK H\u0130Z.LTD.\u015eT\u0130, X S\u0130GORTA ACENTEL\u0130\u011e\u0130 H\u0130Z.LTD.\u015eT\u0130 veya A.\u015e\u00a0 VB.)<\/p>\n<p>2. T\u00fcrkiye Odalar veBorsalar Birli\u011fi web\u00a0sitesinin\u00a0<a href=\"https:\/\/tobb.org.tr\/SigortacilikMudurlugu\/Sayfalar\/AnaSayfa.php\" target=\"_blank\" rel=\"noopener\">Sigortac\u0131l\u0131k M\u00fcd\u00fcrl\u00fc\u011f\u00fc<\/a>\u00a0b\u00f6l\u00fcm\u00fcnden\u00a0levhaya kayd\u0131n ilk a\u015famas\u0131 olan sigorta acente ba\u015fvuru i\u015flemi on-line yapm\u0131\u015f olmal\u0131d\u0131r.<\/p>\n<p>3. Bu i\u015flemden\u00a0sonra, kay\u0131t a\u015famas\u0131nda girmi\u015f oldu\u011funuz e-mail hesab\u0131n\u0131za levha kay\u0131t no\u2019su gelecek ve Sivas Ticaret ve Sanayi Odas\u0131\u2019na ba\u015fvuru yapman\u0131z hususu bildirilecektir.<\/p>\n<p>4. Sivas Ticaret ve Sanayi Odas\u0131nda Sigorta \u0130\u015flemleri Birimi\u2019ne istenilen belgelerle ba\u015fvuru yap\u0131lmal\u0131d\u0131r.<\/p>\n<p>5. Ba\u015fvuru ile birlikte levha kayd\u0131 ba\u015fvuru \u00fccreti\u00a0ve Asgari Fiziki \u015eartlar Tetkik \u00fccretlerinin\u00a0Odam\u0131z veznesine yat\u0131r\u0131lmas\u0131 gerekmektedir.<\/p>\n<p>6. Sigorta \u0130\u015flemleri Birimi sundu\u011funuz belgeleri inceler, \u015fartlar\u0131n olu\u015fmas\u0131 halinde levha kayd\u0131 ba\u015fvurunuz kabul edilir. Eksik belge sunulmas\u0131 halinde belgeler teslim al\u0131nmaz. Bu sebeple \u00fcyelerimizin i\u015flem yapacak Birim personeli ile ileti\u015fim i\u00e7ersinde olmas\u0131 tavsiye edilir.<\/p>\n<p>7. Ba\u015fvurunuz al\u0131nd\u0131ktan hemen sonra, Birimimiz personeli Asgari Fiziki \u015eartlar\u0131n Tetkiki i\u00e7in firman\u0131z\u0131 ziyaret ederek rapor haz\u0131rlayacakt\u0131r. Bu inceleme, Sigorta Acenteleri \u0130cra Komitesinin belirledi\u011fi kriterlere g\u00f6re yap\u0131lmaktad\u0131r. Raporun olumlu olmamas\u0131 halinde levha kayd\u0131 ba\u015fvurunuz kabul edilemeyecektir.<\/p>\n<p>8. Firman\u0131n levha kayd\u0131 ba\u015fvurusu onaylanmas\u0131 ile birlikte ba\u015fvurunuz on-line olarak Odalar Birli\u011fi\u2019ne iletilecektir. TOBB Sigortac\u0131l\u0131k M\u00fcd\u00fcrl\u00fc\u011f\u00fc taraf\u0131ndan belge incelemesi yap\u0131lmaz. Yap\u0131lan inceleme TOBB-AEKS ba\u015fvurunuzdaki bilgiler (\u015eirket Ortaklar\u0131, Teknik Personel, Unvan vb.) ile Birimimizin onay verdi\u011fi hususlar\u0131n onay i\u00e7in gereken \u015fartlar\u0131 ta\u015f\u0131y\u0131p ta\u015f\u0131mad\u0131\u011f\u0131 y\u00f6n\u00fcndedir.<\/p>\n<p>9. \u0130\u00e7 y\u00f6nerge ile s\u0131n\u0131rl\u0131 yetkili atanan acente m\u00fcd\u00fcr\u00fcnde aranan \u015fartlar;<\/p>\n<ul>\n<li><strong><em>\u0130\u00e7 y\u00f6nerge ile s\u0131n\u0131rl\u0131 yetkili atanacak olan sigorta m\u00fcd\u00fcr\u00fc \u201c5684 say\u0131l\u0131 sigortac\u0131l\u0131k kanunu uyar\u0131nca yap\u0131lacak olan i\u015f ve i\u015flemlerden m\u00fcnferiden yetkili\u201d olmas\u0131 gerekmektedir.<\/em><\/strong><\/li>\n<\/ul>\n<ul>\n<li><strong><em>M\u00fcnferit yetkiye sahip olmayan acente m\u00fcd\u00fcr\u00fcn\u00fcn onay\u0131 2016\/27 say\u0131l\u0131 Genelgenin 5\/1 maddesi gere\u011fince onaylanmamaktad\u0131r. M\u00fc\u015ftereken yetkilerde, Levhaya kaydedilmek istenen M\u00fcd\u00fcr, m\u00fc\u015fterek imza yetkilisi oldu\u011fu di\u011fer M\u00fcd\u00fcr ile beraber Levhaya kaydolunmal\u0131d\u0131r.<\/em><\/strong><\/li>\n<\/ul>\n<p>10.\u00a0<strong>Ba\u015fka faaliyet yasa\u011f\u0131:<\/strong>\u00a0Kanunun 23 \u00fcnc\u00fc maddesinin onuncu f\u0131kras\u0131nda ge\u00e7en ba\u015fka faaliyet yasa\u011f\u0131, yaln\u0131zca acentelik faaliyeti y\u00fcr\u00fct\u00fclen ticari i\u015fletme ile s\u0131n\u0131rl\u0131d\u0131r. Bu kapsamda, acentelik faaliyeti y\u00fcr\u00fct\u00fclecek ticari i\u015fletmede; sigortac\u0131l\u0131k i\u015f ve i\u015flemleri ile sigortac\u0131l\u0131kla ba\u011flant\u0131l\u0131 di\u011fer arac\u0131l\u0131k faaliyetleri d\u0131\u015f\u0131ndaki bir i\u015fle i\u015ftigal edilmesi m\u00fcmk\u00fcn de\u011fildir.<\/p>\n<p>Sigortac\u0131l\u0131kla ba\u011flant\u0131l\u0131 di\u011fer arac\u0131l\u0131k faaliyetleri; sigorta s\u00f6zle\u015fmesinin uzant\u0131s\u0131 olabilecek ve sigorta s\u00f6zle\u015fmelerinin haz\u0131rlanmas\u0131, uygulanmas\u0131 ve sona ermesi a\u015famalar\u0131n\u0131 tamamlay\u0131c\u0131 nitelikteki di\u011fer arac\u0131l\u0131k i\u015flemleridir. Trafik takip i\u015flemleri, fatura \u00f6demelerine arac\u0131l\u0131k edilmesi vb. i\u015fler sigortac\u0131l\u0131kla ba\u011flant\u0131l\u0131 di\u011fer arac\u0131l\u0131k faaliyetleri kapsam\u0131nda de\u011ferlendirilmez<\/p>\n<p>11. TOBB taraf\u0131ndan onaylanan ba\u015fvurunuz on-line Hazine M\u00fcste\u015farl\u0131\u011f\u0131 Sigortac\u0131l\u0131k Genel M\u00fcd\u00fcrl\u00fc\u011f\u00fcne g\u00f6nderilir. Genel M\u00fcd\u00fcrl\u00fck incelemesi TOBB incelemesiyle ayn\u0131 \u015fekilde yap\u0131l\u0131r.<\/p>\n<p>12. Hazine M\u00fcste\u015farl\u0131\u011f\u0131 Sigortac\u0131l\u0131k Genel M\u00fcd\u00fcrl\u00fc\u011f\u00fc\u2019n\u00fcn onay\u0131 \u015firketinizin sigorta acentesi uygunluk belgesi ald\u0131\u011f\u0131 anlam\u0131na gelir. Ancak, bu i\u015flem sonras\u0131 TOBB\u2019nin banka hesab\u0131na levha kay\u0131t \u00fccreti yat\u0131r\u0131l\u0131r.<\/p>\n<p>13. Yat\u0131r\u0131lan \u00fccretin kay\u0131tlara ge\u00e7mesi ile birlikte \u015firketiniz TOBB Sigortac\u0131l\u0131k M\u00fcd\u00fcrl\u00fc\u011f\u00fc\u2019n\u00fcn il baz\u0131nda sigorta acentesi arama k\u0131sm\u0131nda g\u00f6r\u00fclecektir.<\/p>\n<p>14. Sigorta acenteniz bir sigorta \u015firketi\/leri ile acentelik s\u00f6zle\u015fmesi yapma hakk\u0131na bundan b\u00f6yle sahip olacakt\u0131r. Ancak, levha kayd\u0131n\u0131 takiben alt\u0131 ay i\u00e7ersinde bir sigorta \u015firketiyle acentelik s\u00f6zle\u015fmesi kurulmaz ise levha kayd\u0131n\u0131z\u0131n silinmesi yasal bir gerekliliktir.<\/p>\n<p>15. Sigorta Acenteleri, \u015firketleri ile ilgili her t\u00fcrl\u00fc de\u011fi\u015fiklik ve yenilikleri (Ortakl\u0131k yap\u0131s\u0131, teknik personel, adres, unvan vb.) 15 i\u015f g\u00fcn\u00fc i\u00e7inde Birimimize yaz\u0131l\u0131 olarak bildirmekle m\u00fckelleftirler.[\/vc_column_text][\/vc_column][\/vc_row]<\/p>\n","protected":false},"excerpt":{"rendered":"<p>[vc_row][vc_column][vc_column_text] Acentelerin Levha Kay\u0131t Ba\u015fvurusu &nbsp; 1. Sivas Ticaret Sicil M\u00fcd\u00fcrl\u00fc\u011f\u00fcnde tescil ve ilan\u0131 yap\u0131lm\u0131\u015f, unvan\u0131 mevzuata uygun Ger\u00e7ek veya T\u00fczel Ki\u015filik mevcut olmal\u0131d\u0131r. ( X S\u0130GORTA ARACILIK H\u0130Z.LTD.\u015eT\u0130, X S\u0130GORTA ACENTEL\u0130\u011e\u0130 H\u0130Z.LTD.\u015eT\u0130 veya A.\u015e\u00a0 VB.) 2. T\u00fcrkiye Odalar veBorsalar Birli\u011fi web\u00a0sitesinin\u00a0Sigortac\u0131l\u0131k M\u00fcd\u00fcrl\u00fc\u011f\u00fc\u00a0b\u00f6l\u00fcm\u00fcnden\u00a0levhaya kayd\u0131n ilk a\u015famas\u0131 olan sigorta acente ba\u015fvuru i\u015flemi on-line yapm\u0131\u015f olmal\u0131d\u0131r. 3. [&hellip;]<\/p>\n","protected":false},"author":1,"featured_media":0,"parent":0,"menu_order":0,"comment_status":"closed","ping_status":"closed","template":"","meta":{"ngg_post_thumbnail":0,"footnotes":""},"class_list":["post-2654","page","type-page","status-publish","hentry"],"_links":{"self":[{"href":"https:\/\/otso.omerfarukarslan.com.tr\/index.php?rest_route=\/wp\/v2\/pages\/2654","targetHints":{"allow":["GET"]}}],"collection":[{"href":"https:\/\/otso.omerfarukarslan.com.tr\/index.php?rest_route=\/wp\/v2\/pages"}],"about":[{"href":"https:\/\/otso.omerfarukarslan.com.tr\/index.php?rest_route=\/wp\/v2\/types\/page"}],"author":[{"embeddable":true,"href":"https:\/\/otso.omerfarukarslan.com.tr\/index.php?rest_route=\/wp\/v2\/users\/1"}],"replies":[{"embeddable":true,"href":"https:\/\/otso.omerfarukarslan.com.tr\/index.php?rest_route=%2Fwp%2Fv2%2Fcomments&post=2654"}],"version-history":[{"count":1,"href":"https:\/\/otso.omerfarukarslan.com.tr\/index.php?rest_route=\/wp\/v2\/pages\/2654\/revisions"}],"predecessor-version":[{"id":2655,"href":"https:\/\/otso.omerfarukarslan.com.tr\/index.php?rest_route=\/wp\/v2\/pages\/2654\/revisions\/2655"}],"wp:attachment":[{"href":"https:\/\/otso.omerfarukarslan.com.tr\/index.php?rest_route=%2Fwp%2Fv2%2Fmedia&parent=2654"}],"curies":[{"name":"wp","href":"https:\/\/api.w.org\/{rel}","templated":true}]}}