{"id":2649,"date":"2021-11-04T15:59:07","date_gmt":"2021-11-04T15:59:07","guid":{"rendered":"https:\/\/www.otso.org.tr\/?page_id=2649"},"modified":"2021-11-05T10:00:43","modified_gmt":"2021-11-05T10:00:43","slug":"asgari-fiziki-tetkik-islemleri","status":"publish","type":"page","link":"https:\/\/otso.omerfarukarslan.com.tr\/?page_id=2649","title":{"rendered":"Asgari Fiziki Tetkik \u0130\u015flemleri"},"content":{"rendered":"<p>[vc_row][vc_column][vc_column_text]<\/p>\n<h3>Asgari Fiziki Tetkik \u0130\u015flemleri<\/h3>\n<p>&nbsp;<\/p>\n<p>1- Bir sigorta acentesi merkezinin veya \u015fubesinin;<\/p>\n<p>a-) M\u00fcstakil bir bina veya i\u015f merkezi i\u00e7erisinde; fiziki olarak ayr\u0131lm\u0131\u015f, m\u00fcstakil bir giri\u015fe sahip, ba\u015fl\u0131 ba\u015f\u0131na kullan\u0131lmaya elveri\u015fli ba\u011f\u0131ms\u0131z bir mek\u00e2n olmas\u0131 ve bu mek\u00e2nda m\u00fcnhas\u0131ran sigorta acenteli\u011fi faaliyeti y\u00fcr\u00fct\u00fcl\u00fcyor olmas\u0131,<br \/>\nb-) Kulland\u0131\u011f\u0131 elektrik, telefon, su, do\u011falgaz veya internet ba\u011flant\u0131 hizmetine ili\u015fkin faturalar\u0131ndan en az ikisinin sigorta acentesi ad\u0131na kay\u0131tl\u0131 bulunmas\u0131,<br \/>\nc-) Ayn\u0131 mek\u00e2n\u0131 payla\u015fan \u00e7oklu acentelerde; internet faturas\u0131 hari\u00e7 olmak ko\u015fuluyla faturalar\u0131n mek\u00e2n\u0131 payla\u015fan acentelerden birinin ad\u0131na kay\u0131tl\u0131 olmas\u0131 yeterlidir.<br \/>\nd-) En az bir adet bilgisayar ve yaz\u0131c\u0131 cihaz\u0131n\u0131n bulunuyor olmas\u0131,<br \/>\ne-) \u0130nternet ba\u011flant\u0131s\u0131 bulunmas\u0131 ve sigortac\u0131l\u0131k i\u015flemleri i\u00e7in Statik IP kullan\u0131lmas\u0131 zorunludur.<\/p>\n<p>2- Kendi b\u00f6l\u00fcmleri, personelleri ve statik ip\u2019leri ayr\u0131 olmak ko\u015fuluyla en fazla \u00fc\u00e7 sigorta acentesi ayn\u0131 mekanda faaliyet g\u00f6sterebilir. Ancak, \u00f6zel proje geli\u015ftirilmesi ve \u0130cra Komitesinden onay al\u0131nmas\u0131 halinde ayn\u0131 mekanda faaliyet g\u00f6sterecek acenteler i\u00e7in say\u0131 s\u0131n\u0131r\u0131 uygulanmaz.<\/p>\n<p>3- Sigorta acenteleri,\u00a0 levhaya kay\u0131tl\u0131 sigorta acenteleri d\u0131\u015f\u0131nda ki firmalar ile ayn\u0131 mekanda bulunamaz ve mekanlar birbirine ba\u011flant\u0131l\u0131 olamaz (kap\u0131,pencere v.b.).<\/p>\n<p>4- Sigorta acentesi \u015fubeleri ba\u015fka acente ile ayn\u0131 mekanda faaliyet g\u00f6steremez.<\/p>\n<p>5- Sigorta acenteleri taraf\u0131ndan sigorta poli\u00e7elerinin d\u00fczenlenmesi ve di\u011fer arac\u0131l\u0131k faaliyetleri i\u00e7in kullan\u0131lan t\u00fcm bili\u015fim programlar\u0131 asgari fiziki \u015fartlar kapsam\u0131nda tetkike tabidir.<\/p>\n<p>6- Sigorta Acenteleri adres de\u011fi\u015fiklik i\u015flemlerini Sivas Ticaret Sicili M\u00fcd\u00fcrl\u00fc\u011f\u00fcnden ger\u00e7ekle\u015ftirdikten sonra, Sivas TSO Sigorta Birimine asgari fiziki \u015fartlar tetkiki i\u00e7in ba\u015fvuruda bulunmal\u0131d\u0131rlar.<\/p>\n<hr \/>\n<p><strong>Asgari Fiziki \u015eartlar Ba\u015fvurusunda \u0130stenilen Evraklar<\/strong><\/p>\n<p>1-\u00a0<strong><a href=\"\/wp-content\/uploads\/2021\/11\/Asgari-fiziki-sartlar-basvuru-formu.docx\" target=\"_blank\" rel=\"noopener\">Asgari fiziki \u015fartlar ba\u015fvuru formu<\/a><\/strong><\/p>\n<p>2- Acente ad\u0131na kay\u0131tl\u0131 iki adet fatura veya abonelik s\u00f6zle\u015fmesi (Ayn\u0131 mek\u00e2n\u0131 payla\u015fan \u00e7oklu acentelerde faturalar\u0131n mek\u00e2n\u0131 payla\u015fan acentelerden birisi ad\u0131na kay\u0131tl\u0131 olmas\u0131 yeterlidir)<\/p>\n<p>3- Acente ad\u0131na kay\u0131tl\u0131 Statik Ip belgesi\u00a0 (Acente ad\u0131na kay\u0131tl\u0131 olmas\u0131 zorunludur)<\/p>\n<p>4-\u00a0<a href=\"http:\/\/www.sivastso.org.tr\/assets\/files\/uploads\/Sigortacilik_Belgeleri\/birden_cok-acente-icin-taahhutname.docx\" target=\"_blank\" rel=\"noopener\"><strong>\u00c7oklu acenteler i\u00e7in taahh\u00fctname<\/strong><\/a>\u00a0(Ayn\u0131 mek\u00e2n\u0131 payla\u015fan \u00e7oklu acenteler i\u00e7in gereklidir)[\/vc_column_text][\/vc_column][\/vc_row]<\/p>\n","protected":false},"excerpt":{"rendered":"<p>[vc_row][vc_column][vc_column_text] Asgari Fiziki Tetkik \u0130\u015flemleri &nbsp; 1- Bir sigorta acentesi merkezinin veya \u015fubesinin; a-) M\u00fcstakil bir bina veya i\u015f merkezi i\u00e7erisinde; fiziki olarak ayr\u0131lm\u0131\u015f, m\u00fcstakil bir giri\u015fe sahip, ba\u015fl\u0131 ba\u015f\u0131na kullan\u0131lmaya elveri\u015fli ba\u011f\u0131ms\u0131z bir mek\u00e2n olmas\u0131 ve bu mek\u00e2nda m\u00fcnhas\u0131ran sigorta acenteli\u011fi faaliyeti y\u00fcr\u00fct\u00fcl\u00fcyor olmas\u0131, b-) Kulland\u0131\u011f\u0131 elektrik, telefon, su, do\u011falgaz veya internet ba\u011flant\u0131 hizmetine [&hellip;]<\/p>\n","protected":false},"author":1,"featured_media":0,"parent":0,"menu_order":0,"comment_status":"closed","ping_status":"closed","template":"","meta":{"ngg_post_thumbnail":0,"footnotes":""},"class_list":["post-2649","page","type-page","status-publish","hentry"],"_links":{"self":[{"href":"https:\/\/otso.omerfarukarslan.com.tr\/index.php?rest_route=\/wp\/v2\/pages\/2649","targetHints":{"allow":["GET"]}}],"collection":[{"href":"https:\/\/otso.omerfarukarslan.com.tr\/index.php?rest_route=\/wp\/v2\/pages"}],"about":[{"href":"https:\/\/otso.omerfarukarslan.com.tr\/index.php?rest_route=\/wp\/v2\/types\/page"}],"author":[{"embeddable":true,"href":"https:\/\/otso.omerfarukarslan.com.tr\/index.php?rest_route=\/wp\/v2\/users\/1"}],"replies":[{"embeddable":true,"href":"https:\/\/otso.omerfarukarslan.com.tr\/index.php?rest_route=%2Fwp%2Fv2%2Fcomments&post=2649"}],"version-history":[{"count":2,"href":"https:\/\/otso.omerfarukarslan.com.tr\/index.php?rest_route=\/wp\/v2\/pages\/2649\/revisions"}],"predecessor-version":[{"id":2798,"href":"https:\/\/otso.omerfarukarslan.com.tr\/index.php?rest_route=\/wp\/v2\/pages\/2649\/revisions\/2798"}],"wp:attachment":[{"href":"https:\/\/otso.omerfarukarslan.com.tr\/index.php?rest_route=%2Fwp%2Fv2%2Fmedia&parent=2649"}],"curies":[{"name":"wp","href":"https:\/\/api.w.org\/{rel}","templated":true}]}}