{"id":2600,"date":"2021-11-04T09:24:07","date_gmt":"2021-11-04T09:24:07","guid":{"rendered":"https:\/\/www.otso.org.tr\/?page_id=2600"},"modified":"2022-04-07T12:19:57","modified_gmt":"2022-04-07T12:19:57","slug":"sanayi-sicil-hizmetleri","status":"publish","type":"page","link":"https:\/\/otso.omerfarukarslan.com.tr\/?page_id=2600","title":{"rendered":"Sanayi Sicil Hizmetleri"},"content":{"rendered":"<p>[vc_row][vc_column][vc_tta_accordion style=&#8221;modern&#8221; shape=&#8221;square&#8221; active_section=&#8221;1&#8243; collapsible_all=&#8221;true&#8221;][vc_tta_section title=&#8221;Dahilde \u0130\u015fleme \u0130zin Belgesi Kapat\u0131lmas\u0131 \u0130le \u0130lgili Ekspertiz Raporu&#8221; tab_id=&#8221;1636017623738-2b23a1a8-f95c&#8221;][vc_column_text]<\/p>\n<table border=\"1\" cellspacing=\"0\" cellpadding=\"0\">\n<tbody>\n<tr>\n<td valign=\"top\">1 &#8211;\u00a0<a href=\"\/wp-content\/uploads\/2021\/11\/gerekli_evrak_listesi.docx\">Dahilde \u0130\u015fleme \u0130zin Belgesi Kapat\u0131lmas\u0131 \u0130le \u0130lgili Ekspertiz Raporu \u0130\u00e7in Gerekli Belgeler<\/a><\/td>\n<\/tr>\n<tr>\n<td valign=\"top\">2 &#8211;\u00a0<a href=\"\/wp-content\/uploads\/2021\/11\/Hammadde_Sarfiyat.doc\">Hammadde Sarfiyat Tablosu<\/a><\/td>\n<\/tr>\n<tr>\n<td valign=\"top\">3 &#8211;\u00a0<a href=\"\/wp-content\/uploads\/2021\/11\/ithalat_listesi.xls\">\u0130thalat Listesi<\/a><\/td>\n<\/tr>\n<tr>\n<td valign=\"top\">4 &#8211;\u00a0<a href=\"\/wp-content\/uploads\/2021\/11\/ihracat_listesi.xls\">\u0130hracat Listesi<\/a><\/td>\n<\/tr>\n<tr>\n<td valign=\"top\">5 &#8211;\u00a0<a href=\"\/wp-content\/uploads\/2021\/11\/taahhutname.doc\">Taahh\u00fctname<\/a><\/td>\n<\/tr>\n<\/tbody>\n<\/table>\n<p>[\/vc_column_text][\/vc_tta_section][vc_tta_section title=&#8221;Kapasite Raporu&#8221; tab_id=&#8221;1636017623750-16a52991-71e8&#8243;][vc_column_text]<\/p>\n<table border=\"1\" cellspacing=\"0\" cellpadding=\"0\">\n<tbody>\n<tr>\n<td valign=\"top\"><strong>KAPAS\u0130TE RAPORU \u0130\u00c7\u0130N GEREKL\u0130 \u0130\u015eLEMLER:<\/strong><\/td>\n<\/tr>\n<tr>\n<td valign=\"top\"><a href=\"https:\/\/www.otso.org.tr\/wp-content\/uploads\/2022\/04\/Gerekli-Evrak-Listesi.docx\">1 &#8211;\u00a0Kapasite Raporu M\u00fcracaat\u0131 \u0130\u00e7in Gerekli Belgeler<\/a><\/td>\n<\/tr>\n<tr>\n<td valign=\"top\"><a href=\"https:\/\/www.otso.org.tr\/wp-content\/uploads\/2022\/04\/Mu\u0308racaat-Formlari-1.doc\">2 &#8211;\u00a0Kapasite Raporu M\u00fcracaat Formlar\u0131<\/a><\/td>\n<\/tr>\n<\/tbody>\n<\/table>\n<p>[\/vc_column_text][\/vc_tta_section][vc_tta_section title=&#8221;Ekspertiz Raporu&#8221; tab_id=&#8221;1636017699455-68a983ea-c9a8&#8243;][vc_column_text]<strong>Gerekli Evraklar<\/strong><\/p>\n<ul>\n<li>Dilek\u00e7e<\/li>\n<li>Son 2 ayl\u0131k SSK Bildirgeleri ile tahakkuk fi\u015fi ve \u00f6deme makbuzlar\u0131 fotokopileri<\/li>\n<li>Ekspertiz Raporuyla ilgili Oda Makbuzunun fotokopisi<\/li>\n<\/ul>\n<p>[\/vc_column_text][\/vc_tta_section][vc_tta_section title=&#8221;Yerli Mal\u0131 Belgesi&#8221; tab_id=&#8221;1636017717382-a4ae4979-f865&#8243;][vc_column_text]<\/p>\n<ul>\n<li>\u00a0<a href=\"\/wp-content\/uploads\/2021\/11\/Yerli-Mal-Belgesi-Bavuru-Dilekesi.pdf\"><img loading=\"lazy\" decoding=\"async\" class=\"alignnone\" src=\"\/wp-content\/uploads\/2021\/11\/pdf.png\" alt=\"\" width=\"43\" height=\"46\" border=\"0\" \/><\/a>\u00a0 \u00a0Yerli Mal\u0131 Belgesi Ba\u015fvuru Dilek\u00e7esi<\/li>\n<li>\u00a0<a href=\"\/wp-content\/uploads\/2021\/11\/Yerli-Mal-Belgesi-iinTaahhtname.pdf\"><img decoding=\"async\" src=\"\/wp-content\/uploads\/2021\/11\/pdf.png\" alt=\"\" border=\"0\" \/><\/a>\u00a0 \u00a0Yerli Mal\u0131 Belgesi taahh\u00fctnamesi<\/li>\n<li>\u00a0<a href=\"\/wp-content\/uploads\/2021\/11\/Yerli-Katk-Oran-Hesap-Cetveli-Ek3-A-B-C-D.xls\"><img decoding=\"async\" src=\"\/wp-content\/uploads\/2021\/11\/xls.png\" alt=\"\" border=\"0\" \/><\/a>\u00a0 \u00a0Yerli Katk\u0131 Oran\u0131 Hesap Cetveli (Ek3 A-B-C-D)<\/li>\n<li>\u00a0<a href=\"\/wp-content\/uploads\/2021\/11\/rnek-Hesap-Cetveli-Formu-Ek3-A-B-C-D.xls\"><img decoding=\"async\" src=\"\/wp-content\/uploads\/2021\/11\/xls.png\" alt=\"\" border=\"0\" \/><\/a>\u00a0 \u00a0\u00d6rnek Hesap Cetveli Formu ( Ek3 A-B-C-D)<\/li>\n<\/ul>\n<p>[\/vc_column_text][\/vc_tta_section][vc_tta_section title=&#8221;Fiili \u00dcretim Ekspertiz Raporu&#8221; tab_id=&#8221;1636017733800-3aefbc28-51d7&#8243;][vc_column_text]<strong>Gerekli Evraklar:<\/strong><\/p>\n<ul>\n<li>Dilek\u00e7e<\/li>\n<li><a href=\"\/wp-content\/uploads\/2021\/11\/FIILI_URETIM_TAAH.doc\" target=\"_blank\" rel=\"noopener\">Fiili \u00dcretim Taahh\u00fctname(.doc)<\/a><\/li>\n<li>Fiili \u00dcretim Miktarlar\u0131n\u0131 G\u00f6steren Muhasebe Kay\u0131tlar\u0131<\/li>\n<li>Oda Har\u00e7 Tarifesine G\u00f6re Har\u00e7\u00a0 Makbuzunun fotokopisi<\/li>\n<\/ul>\n<p>[\/vc_column_text][\/vc_tta_section][vc_tta_section title=&#8221;Fiili T\u00fcketim Ekspertiz Raporu&#8221; tab_id=&#8221;1636017770071-fce6d532-11db&#8221;][vc_column_text]<strong>Gerekli Evraklar:<\/strong><\/p>\n<ul>\n<li>Dilek\u00e7e<\/li>\n<li><a href=\"\/wp-content\/uploads\/2021\/11\/Fiili_Tuketim_taah.doc\" target=\"_blank\" rel=\"noopener\">Fiili T\u00fcketim Taahh\u00fctname(.doc)<\/a><\/li>\n<li>Fiili T\u00fcketim Miktarlar\u0131n\u0131 G\u00f6steren Muhasebe Kay\u0131tlar\u0131<\/li>\n<li>Oda Har\u00e7 Tarifesine G\u00f6re Har\u00e7\u00a0 Makbuzunun fotokopisi<\/li>\n<\/ul>\n<p>[\/vc_column_text][\/vc_tta_section][vc_tta_section title=&#8221;\u0130malat Yeterlilik Belgesi&#8221; tab_id=&#8221;1636017823318-f486e2f4-e55e&#8221;][vc_column_text]<strong>Gerekli Evraklar:<\/strong><\/p>\n<ul>\n<li>Dilek\u00e7e<\/li>\n<li>Ge\u00e7erli Kapasite Raporu<\/li>\n<li>Oda Har\u00e7 Tarifesine G\u00f6re Har\u00e7\u00a0 Makbuzunun fotokopisi<\/li>\n<\/ul>\n<p>[\/vc_column_text][\/vc_tta_section][\/vc_tta_accordion][\/vc_column][\/vc_row]<\/p>\n","protected":false},"excerpt":{"rendered":"<p>[vc_row][vc_column][vc_tta_accordion style=&#8221;modern&#8221; shape=&#8221;square&#8221; active_section=&#8221;1&#8243; collapsible_all=&#8221;true&#8221;][vc_tta_section title=&#8221;Dahilde \u0130\u015fleme \u0130zin Belgesi Kapat\u0131lmas\u0131 \u0130le \u0130lgili Ekspertiz Raporu&#8221; tab_id=&#8221;1636017623738-2b23a1a8-f95c&#8221;][vc_column_text] 1 &#8211;\u00a0Dahilde \u0130\u015fleme \u0130zin Belgesi Kapat\u0131lmas\u0131 \u0130le \u0130lgili Ekspertiz Raporu \u0130\u00e7in Gerekli Belgeler 2 &#8211;\u00a0Hammadde Sarfiyat Tablosu 3 &#8211;\u00a0\u0130thalat Listesi 4 &#8211;\u00a0\u0130hracat Listesi 5 &#8211;\u00a0Taahh\u00fctname [\/vc_column_text][\/vc_tta_section][vc_tta_section title=&#8221;Kapasite Raporu&#8221; tab_id=&#8221;1636017623750-16a52991-71e8&#8243;][vc_column_text] KAPAS\u0130TE RAPORU \u0130\u00c7\u0130N GEREKL\u0130 \u0130\u015eLEMLER: 1 &#8211;\u00a0Kapasite Raporu M\u00fcracaat\u0131 \u0130\u00e7in Gerekli [&hellip;]<\/p>\n","protected":false},"author":1,"featured_media":0,"parent":0,"menu_order":0,"comment_status":"closed","ping_status":"closed","template":"","meta":{"ngg_post_thumbnail":0,"footnotes":""},"class_list":["post-2600","page","type-page","status-publish","hentry"],"_links":{"self":[{"href":"https:\/\/otso.omerfarukarslan.com.tr\/index.php?rest_route=\/wp\/v2\/pages\/2600","targetHints":{"allow":["GET"]}}],"collection":[{"href":"https:\/\/otso.omerfarukarslan.com.tr\/index.php?rest_route=\/wp\/v2\/pages"}],"about":[{"href":"https:\/\/otso.omerfarukarslan.com.tr\/index.php?rest_route=\/wp\/v2\/types\/page"}],"author":[{"embeddable":true,"href":"https:\/\/otso.omerfarukarslan.com.tr\/index.php?rest_route=\/wp\/v2\/users\/1"}],"replies":[{"embeddable":true,"href":"https:\/\/otso.omerfarukarslan.com.tr\/index.php?rest_route=%2Fwp%2Fv2%2Fcomments&post=2600"}],"version-history":[{"count":13,"href":"https:\/\/otso.omerfarukarslan.com.tr\/index.php?rest_route=\/wp\/v2\/pages\/2600\/revisions"}],"predecessor-version":[{"id":3642,"href":"https:\/\/otso.omerfarukarslan.com.tr\/index.php?rest_route=\/wp\/v2\/pages\/2600\/revisions\/3642"}],"wp:attachment":[{"href":"https:\/\/otso.omerfarukarslan.com.tr\/index.php?rest_route=%2Fwp%2Fv2%2Fmedia&parent=2600"}],"curies":[{"name":"wp","href":"https:\/\/api.w.org\/{rel}","templated":true}]}}