{"id":2452,"date":"2021-02-25T23:29:50","date_gmt":"2021-02-25T23:29:50","guid":{"rendered":"https:\/\/www.otso.org.tr\/?page_id=2452"},"modified":"2021-02-25T23:39:55","modified_gmt":"2021-02-25T23:39:55","slug":"is-birligi-teklifleri","status":"publish","type":"page","link":"https:\/\/otso.omerfarukarslan.com.tr\/?page_id=2452","title":{"rendered":"\u0130\u015f Birli\u011fi Teklifleri"},"content":{"rendered":"<p>[vc_row][vc_column][ult_buttons btn_title=&#8221;TOBB2B&#8221; btn_link=&#8221;url:https%3A%2F%2Fwww.otso.org.tr%2Ftobb2b%2F|title:TOBB2B&#8221; btn_size=&#8221;ubtn-block&#8221; btn_bg_color=&#8221;#efefef&#8221; btn_title_color_hover=&#8221;#1e73be&#8221; icon=&#8221;icomoon-feather-24&#215;24-paper&#8221; icon_size=&#8221;15&#8243; btn_icon_pos=&#8221;ubtn-sep-icon-at-left&#8221; css_adv_btn=&#8221;.vc_custom_1614296263243{margin-top: 1px !important;margin-bottom: 1px !important;}&#8221; btn_font_size=&#8221;desktop:15px;&#8221;][ult_buttons btn_title=&#8221;Export Akademi&#8221; btn_link=&#8221;url:https%3A%2F%2Fwww.otso.org.tr%2Fexport-akademi%2F|title:TOBB2B&#8221; btn_size=&#8221;ubtn-block&#8221; btn_bg_color=&#8221;#efefef&#8221; btn_title_color_hover=&#8221;#1e73be&#8221; icon=&#8221;icomoon-feather-24&#215;24-paper&#8221; icon_size=&#8221;15&#8243; btn_icon_pos=&#8221;ubtn-sep-icon-at-left&#8221; css_adv_btn=&#8221;.vc_custom_1614296393444{margin-top: 1px !important;margin-bottom: 1px !important;}&#8221; btn_font_size=&#8221;desktop:15px;&#8221;][\/vc_column][\/vc_row]<\/p>\n","protected":false},"excerpt":{"rendered":"<p>[vc_row][vc_column][ult_buttons btn_title=&#8221;TOBB2B&#8221; btn_link=&#8221;url:https%3A%2F%2Fwww.otso.org.tr%2Ftobb2b%2F|title:TOBB2B&#8221; btn_size=&#8221;ubtn-block&#8221; btn_bg_color=&#8221;#efefef&#8221; btn_title_color_hover=&#8221;#1e73be&#8221; icon=&#8221;icomoon-feather-24&#215;24-paper&#8221; icon_size=&#8221;15&#8243; btn_icon_pos=&#8221;ubtn-sep-icon-at-left&#8221; css_adv_btn=&#8221;.vc_custom_1614296263243{margin-top: 1px !important;margin-bottom: 1px !important;}&#8221; btn_font_size=&#8221;desktop:15px;&#8221;][ult_buttons btn_title=&#8221;Export Akademi&#8221; btn_link=&#8221;url:https%3A%2F%2Fwww.otso.org.tr%2Fexport-akademi%2F|title:TOBB2B&#8221; btn_size=&#8221;ubtn-block&#8221; btn_bg_color=&#8221;#efefef&#8221; btn_title_color_hover=&#8221;#1e73be&#8221; icon=&#8221;icomoon-feather-24&#215;24-paper&#8221; icon_size=&#8221;15&#8243; btn_icon_pos=&#8221;ubtn-sep-icon-at-left&#8221; css_adv_btn=&#8221;.vc_custom_1614296393444{margin-top: 1px !important;margin-bottom: 1px !important;}&#8221; btn_font_size=&#8221;desktop:15px;&#8221;][\/vc_column][\/vc_row]<\/p>\n","protected":false},"author":1,"featured_media":0,"parent":0,"menu_order":0,"comment_status":"closed","ping_status":"closed","template":"","meta":{"ngg_post_thumbnail":0,"footnotes":""},"class_list":["post-2452","page","type-page","status-publish","hentry"],"_links":{"self":[{"href":"https:\/\/otso.omerfarukarslan.com.tr\/index.php?rest_route=\/wp\/v2\/pages\/2452","targetHints":{"allow":["GET"]}}],"collection":[{"href":"https:\/\/otso.omerfarukarslan.com.tr\/index.php?rest_route=\/wp\/v2\/pages"}],"about":[{"href":"https:\/\/otso.omerfarukarslan.com.tr\/index.php?rest_route=\/wp\/v2\/types\/page"}],"author":[{"embeddable":true,"href":"https:\/\/otso.omerfarukarslan.com.tr\/index.php?rest_route=\/wp\/v2\/users\/1"}],"replies":[{"embeddable":true,"href":"https:\/\/otso.omerfarukarslan.com.tr\/index.php?rest_route=%2Fwp%2Fv2%2Fcomments&post=2452"}],"version-history":[{"count":9,"href":"https:\/\/otso.omerfarukarslan.com.tr\/index.php?rest_route=\/wp\/v2\/pages\/2452\/revisions"}],"predecessor-version":[{"id":2454,"href":"https:\/\/otso.omerfarukarslan.com.tr\/index.php?rest_route=\/wp\/v2\/pages\/2452\/revisions\/2454"}],"wp:attachment":[{"href":"https:\/\/otso.omerfarukarslan.com.tr\/index.php?rest_route=%2Fwp%2Fv2%2Fmedia&parent=2452"}],"curies":[{"name":"wp","href":"https:\/\/api.w.org\/{rel}","templated":true}]}}