{"id":2418,"date":"2021-02-25T22:32:04","date_gmt":"2021-02-25T22:32:04","guid":{"rendered":"https:\/\/www.otso.org.tr\/?page_id=2418"},"modified":"2022-10-26T07:53:20","modified_gmt":"2022-10-26T07:53:20","slug":"hizmetler","status":"publish","type":"page","link":"https:\/\/otso.omerfarukarslan.com.tr\/?page_id=2418","title":{"rendered":"Hizmetler"},"content":{"rendered":"<p>[vc_row][vc_column][vc_column_text]<\/p>\n<h1 style=\"text-align: center;\">De\u011ferli \u00dcyelerimiz;<\/h1>\n<p style=\"text-align: center;\"><strong>Ordu Ticaret ve Sanayi Odas\u0131 olarak sizlere verdi\u011fimiz hizmetler ile ilgili her t\u00fcrl\u00fc bilgi ve dok\u00fcmanlara ilgili sayfalardan ula\u015fabilirsiniz. Yapmak istedi\u011finiz i\u015fleme solda yer alan men\u00fcden ula\u015fabilirsiniz.<\/strong><\/p>\n<p>[\/vc_column_text][\/vc_column][\/vc_row]<\/p>\n","protected":false},"excerpt":{"rendered":"<p>[vc_row][vc_column][vc_column_text] De\u011ferli \u00dcyelerimiz; Ordu Ticaret ve Sanayi Odas\u0131 olarak sizlere verdi\u011fimiz hizmetler ile ilgili her t\u00fcrl\u00fc bilgi ve dok\u00fcmanlara ilgili sayfalardan ula\u015fabilirsiniz. Yapmak istedi\u011finiz i\u015fleme solda yer alan men\u00fcden ula\u015fabilirsiniz. [\/vc_column_text][\/vc_column][\/vc_row]<\/p>\n","protected":false},"author":1,"featured_media":0,"parent":0,"menu_order":0,"comment_status":"closed","ping_status":"closed","template":"","meta":{"ngg_post_thumbnail":0,"footnotes":""},"class_list":["post-2418","page","type-page","status-publish","hentry"],"_links":{"self":[{"href":"https:\/\/otso.omerfarukarslan.com.tr\/index.php?rest_route=\/wp\/v2\/pages\/2418","targetHints":{"allow":["GET"]}}],"collection":[{"href":"https:\/\/otso.omerfarukarslan.com.tr\/index.php?rest_route=\/wp\/v2\/pages"}],"about":[{"href":"https:\/\/otso.omerfarukarslan.com.tr\/index.php?rest_route=\/wp\/v2\/types\/page"}],"author":[{"embeddable":true,"href":"https:\/\/otso.omerfarukarslan.com.tr\/index.php?rest_route=\/wp\/v2\/users\/1"}],"replies":[{"embeddable":true,"href":"https:\/\/otso.omerfarukarslan.com.tr\/index.php?rest_route=%2Fwp%2Fv2%2Fcomments&post=2418"}],"version-history":[{"count":31,"href":"https:\/\/otso.omerfarukarslan.com.tr\/index.php?rest_route=\/wp\/v2\/pages\/2418\/revisions"}],"predecessor-version":[{"id":3906,"href":"https:\/\/otso.omerfarukarslan.com.tr\/index.php?rest_route=\/wp\/v2\/pages\/2418\/revisions\/3906"}],"wp:attachment":[{"href":"https:\/\/otso.omerfarukarslan.com.tr\/index.php?rest_route=%2Fwp%2Fv2%2Fmedia&parent=2418"}],"curies":[{"name":"wp","href":"https:\/\/api.w.org\/{rel}","templated":true}]}}